
False
Is 52981 a prime number?
True
Is 43117 a prime number?
True
Is 1016771 prime?
False
Is 976145 composite?
True
Is 386887 composite?
False
Is 650387 prime?
True
Is 10519 a composite number?
True
Is 47041 composite?
False
Is 54737 a composite number?
True
Is 34277 a prime number?
False
Is 337897 a prime number?
False
Is 52231 a prime number?
False
Is 821233 composite?
True
Is 28529 prime?
False
Is 4388897 a composite number?
False
Is 7411 composite?
False
Is 13346 composite?
True
Is 61463 composite?
False
Is 314747 a prime number?
True
Is 19137 prime?
False
Is 33889 prime?
True
Is 13349 composite?
True
Is 1158403 prime?
False
Is 11113 a prime number?
True
Is 843 a prime number?
False
Is 30461 a prime number?
False
Is 1231 a composite number?
False
Is 54562 a composite number?
True
Is 92329 prime?
False
Is 4367 prime?
False
Is 5489 composite?
True
Is 15307 composite?
False
Is 12403 prime?
False
Is 18301 a composite number?
False
Is 417533 composite?
True
Is 3593 composite?
False
Is 327689 composite?
False
Is 442439 a composite number?
False
Is 159209 a composite number?
False
Is 1243 a composite number?
True
Is 19571 a prime number?
True
Is 58549 a prime number?
True
Is 1563083 prime?
True
Is 7477 composite?
False
Is 18353 a prime number?
True
Is 782359 prime?
False
Is 530911 composite?
False
Is 797 a prime number?
True
Is 13649 a composite number?
False
Is 37733 a composite number?
True
Is 1511 a composite number?
False
Is 356113 a composite number?
False
Is 350687 prime?
False
Is 104249 prime?
False
Is 3065 prime?
False
Is 103681 a composite number?
False
Is 48221 a composite number?
False
Is 97897 composite?
True
Is 19207 a composite number?
False
Is 72451 a composite number?
True
Is 366311 a composite number?
True
Is 108833 composite?
True
Is 40913 a composite number?
True
Is 178413 prime?
False
Is 35377 a prime number?
False
Is 467 a prime number?
True
Is 19829 composite?
True
Is 344881 prime?
False
Is 5563 a prime number?
True
Is 16313 a composite number?
True
Is 366157 a prime number?
False
Is 278381 composite?
True
Is 78809 composite?
False
Is 353219 composite?
True
Is 7151 prime?
True
Is 26771 a composite number?
True
Is 948839 a prime number?
True
Is 189217 composite?
True
Is 8257 a composite number?
True
Is 12853 composite?
False
Is 25723 a prime number?
False
Is 346 a prime number?
False
Is 106709 prime?
False
Is 14851 a prime number?
True
Is 899 composite?
True
Is 399557 prime?
True
Is 184627 prime?
True
Is 315803 a composite number?
False
Is 3545 composite?
True
Is 555751 prime?
False
Is 1309039 a prime number?
True
Is 20719 a prime number?
True
Is 1951139 a prime number?
True
Is 197419 prime?
True
Is 18947 prime?
True
Is 393089 a prime number?
False
Is 17513 a prime number?
False
Is 409073 prime?
False
Is 621983 composite?
False
Is 1337 composite?
True
Is 52573 prime?
False
Is 12227 composite?
False
Is 30335 a prime number?
False
Is 6653 prime?
True
Is 409813 a composite number?
False
Is 5897 a composite number?
False
Is 9 composite?
True
Is 672491 composite?
True
Is 204427 a composite number?
False
Is 9293 a prime number?
True
Is 157991 composite?
False
Is 105031 a composite number?
False
Is 145177 composite?
False
Is 18481 a composite number?
False
Is 39439 composite?
False
Is 170953 a prime number?
True
Is 366137 a composite number?
True
Is 1399 a prime number?
True
Is 36233 prime?
False
Is 546287 composite?
True
Is 1889 a prime number?
True
Is 972353 a composite number?
False
Is 227009 composite?
True
Is 17713 composite?
False
Is 140953 prime?
False
Is 82591 a composite number?
False
Is 24659 composite?
False
Is 2893 a prime number?
False
Is 13063 composite?
False
Is 2079433 a composite number?
False
Is 3607 a composite number?
False
Is 119693 prime?
False
Is 331729 a prime number?
False
Is 6289 a prime number?
False
Is 1004635 a prime number?
False
Is 3739 a composite number?
False
Is 3392327 composite?
False
Is 271399 a composite number?
True
Is 232867 prime?
False
Is 2957 a prime number?
True
Is 611 composite?
True
Is 127217 a prime number?
True
Is 120349 a composite number?
False
Is 19945 prime?
False
Is 15439 prime?
True
Is 1191 composite?
True
Is 2359837 a prime number?
False
Is 37951 prime?
True
Is 262531 prime?
False
Is 72619 a prime number?
False
Is 5509 prime?
False
Is 72211 prime?
True
Is 578701 a prime number?
True
Is 1457633 composite?
False
Is 197957 a composite number?
False
Is 20077 a composite number?
True
Is 60419 a composite number?
True
Is 67339 a composite number?
False
Is 1305247 a composite number?
False
Is 316291 prime?
True
Is 450161 a composite number?
False
Is 171863 composite?
False
Is 686599 a composite number?
True
Is 1469 a prime number?
False
Is 498709 a prime number?
False
Is 34283 a composite number?
False
Is 617293 a composite number?
False
Is 12029 a prime number?
False
Is 72797 prime?
True
Is 23977 a composite number?
False
Is 24319 prime?
False
Is 84263 prime?
True
Is 28349 a composite number?
False
Is 199021 a prime number?
True
Is 2555369 a composite number?
True
Is 7359343 a composite number?
False
Is 1711 a prime number?
False
Is 5461 a prime number?
False
Is 91733 a prime number?
True
Is 75109 a prime number?
True
Is 18119 a prime number?
True
Is 21419 a prime number?
True
Is 720767 a prime number?
True
Is 202693 a composite number?
False
Is 21178 a composite number?
True
Is 103541 composite?
True
Is 478 a prime number?
False
Is 139579 prime?
False
Is 2721 composite?
True
Is 301051 prime?
True
Is 317467 a composite number?
True
Is 10973 prime?
True
Is 18317 a composite number?
True
Is 49721 a composite number?
True
Is 52433 prime?
True
Is 661114 composite?
True
Is 538987 a composite number?
False
Is 1594 composite?
True
Is 45403 prime?
True
Is 267459 a composite number?
True
Is 200371 composite?
False
Is 29981 a composite number?
True
Is 3607 a composite number?
False
Is 2983 a prime number?
False
Is 331223 prime?
False
Is 4247 prime?
False
Is 65899 prime?
True
Is 54521 a composite number?
False
Is 24701 prime?
False
Is 7663 composite?
True
Is 995983 a composite number?
False
Is 1372391 a composite number?
False
Is 48181 prime?
False
Is 5953 a prime number?
True
Is 7483 a prime number?
False
Is 15439 a composite number?
False
Is 151103 a prime number?
False
Is 27509 composite?
False
Is 89774 prime?
False
Is 2053 prime?
True
Is 82699 a composite number?
False
Is 4911 a composite number?
True
Is 544559 composite?
True
Is 538621 a prime number?
True
Is 8367 a prime number?
False
Is 26121 composite?
True
Is 16657 composite?
False
Is 64705 a prime number?
False
Is 14693 a prime number?
False
Is 285379 composite?
True
Is 1326229 a composite number?
True
Is 753773 a composite number?
False
Is 44177 prime?
False
Is 82847 prime?
True
Is 11183 a prime number?
False
Is 99431 a prime number?
True
Is 197419 composite?
False
Is 21269 a composite number?
False
Is 136669 composite?
True
Is 31907 a composite number?
False
Is 11333 composite?
True
Is 6803 composite?
False
Is 251789 a prime number?
True
Is 4643 composite?
False
Is 19417 composite?
False
Is 20593 composite?
False
Is 7363 composite?
True
Is 286333 prime?
True
Is 979193 prime?
False
Is 12607 a prime number?
False
Is 215521 composite?
False
Is 30737 composite?
True
Is 29801 composite?
True
Is 9239 a prime number?
True
Is 101833 a prime number?
True
Is 311 a prime number?
True
Is 12437 a composite number?
False
Is 41257 a composite number?
False
Is 257 prime?
True
Is 61531 a prime number?
False
Is 9923 a composite number?
False
Is 49003 prime?
True
Is 1931 a composite number?
False
Is 504247 composite?
False
Is 187103 composite?
True
Is 25055 a composite number?
True
Is 667903 a composite number?
False
Is 63179 prime?
True
Is 6119 prime?
False
Is 5905 a composite number?
True
Is 51247 prime?
False
Is 905803 composite?
False
Is 187687 a composite number?
False
Is 382441 a composite number?
True
Is 47833 composite?
True
Is 185353 composite?
True
Is 545257 a composite number?
False
Is 7727 composite?
False
Is 4533 prime?
False
Is 109423 prime?
True
Is 88961 a composite number?
True
Is 5503 a prime number?
True
Is 2081 composite?
False
Is 3557 composite?
False
Is 9 a composite number?
True
Is 34217 a composite number?
False
Is 57691 pr